[INFO] fetching crate spatial_hash 0.2.0...
[INFO] checking spatial_hash-0.2.0 against master#9610dfe5a9a731ced1ea4923ecbd0c57fe367898 for beta-170-4
[INFO] extracting crate spatial_hash 0.2.0 into /workspace/builds/worker-3-tc1/source
[INFO] validating manifest of crates.io crate spatial_hash 0.2.0 on toolchain 9610dfe5a9a731ced1ea4923ecbd0c57fe367898
[INFO] running `Command { std: CARGO_HOME="/workspace/cargo-home" RUSTUP_HOME="/workspace/rustup-home" "/workspace/cargo-home/bin/cargo" "+9610dfe5a9a731ced1ea4923ecbd0c57fe367898" "metadata" "--manifest-path" "Cargo.toml" "--no-deps", kill_on_drop: false }`
[INFO] started tweaking crates.io crate spatial_hash 0.2.0
[INFO] finished tweaking crates.io crate spatial_hash 0.2.0
[INFO] tweaked toml for crates.io crate spatial_hash 0.2.0 written to /workspace/builds/worker-3-tc1/source/Cargo.toml
[INFO] crate crates.io crate spatial_hash 0.2.0 already has a lockfile, it will not be regenerated
[INFO] running `Command { std: CARGO_HOME="/workspace/cargo-home" RUSTUP_HOME="/workspace/rustup-home" "/workspace/cargo-home/bin/cargo" "+9610dfe5a9a731ced1ea4923ecbd0c57fe367898" "fetch" "--manifest-path" "Cargo.toml", kill_on_drop: false }`
[INFO] running `Command { std: "docker" "create" "-v" "/var/lib/crater-agent-workspace/builds/worker-3-tc1/target:/opt/rustwide/target:rw,Z" "-v" "/var/lib/crater-agent-workspace/builds/worker-3-tc1/source:/opt/rustwide/workdir:ro,Z" "-v" "/var/lib/crater-agent-workspace/cargo-home:/opt/rustwide/cargo-home:ro,Z" "-v" "/var/lib/crater-agent-workspace/rustup-home:/opt/rustwide/rustup-home:ro,Z" "-e" "SOURCE_DIR=/opt/rustwide/workdir" "-e" "CARGO_TARGET_DIR=/opt/rustwide/target" "-e" "CARGO_HOME=/opt/rustwide/cargo-home" "-e" "RUSTUP_HOME=/opt/rustwide/rustup-home" "-w" "/opt/rustwide/workdir" "-m" "1610612736" "--user" "0:0" "--network" "none" "ghcr.io/rust-lang/crates-build-env/linux@sha256:19e73879b68f455e41552ea35293514db52ea292d993f571636dbffedb77a1ee" "/opt/rustwide/cargo-home/bin/cargo" "+9610dfe5a9a731ced1ea4923ecbd0c57fe367898" "metadata" "--no-deps" "--format-version=1", kill_on_drop: false }`
[INFO] [stdout] 5bd7265d680ee2ba6a5b01d6bebcf3a61c54ea476e6e31668562702e3b9676e3
[INFO] running `Command { std: "docker" "start" "-a" "5bd7265d680ee2ba6a5b01d6bebcf3a61c54ea476e6e31668562702e3b9676e3", kill_on_drop: false }`
[INFO] running `Command { std: "docker" "inspect" "5bd7265d680ee2ba6a5b01d6bebcf3a61c54ea476e6e31668562702e3b9676e3", kill_on_drop: false }`
[INFO] running `Command { std: "docker" "rm" "-f" "5bd7265d680ee2ba6a5b01d6bebcf3a61c54ea476e6e31668562702e3b9676e3", kill_on_drop: false }`
[INFO] [stdout] 5bd7265d680ee2ba6a5b01d6bebcf3a61c54ea476e6e31668562702e3b9676e3
[INFO] running `Command { std: "docker" "create" "-v" "/var/lib/crater-agent-workspace/builds/worker-3-tc1/target:/opt/rustwide/target:rw,Z" "-v" "/var/lib/crater-agent-workspace/builds/worker-3-tc1/source:/opt/rustwide/workdir:ro,Z" "-v" "/var/lib/crater-agent-workspace/cargo-home:/opt/rustwide/cargo-home:ro,Z" "-v" "/var/lib/crater-agent-workspace/rustup-home:/opt/rustwide/rustup-home:ro,Z" "-e" "SOURCE_DIR=/opt/rustwide/workdir" "-e" "CARGO_TARGET_DIR=/opt/rustwide/target" "-e" "CARGO_INCREMENTAL=0" "-e" "RUST_BACKTRACE=full" "-e" "RUSTFLAGS=--cap-lints=forbid" "-e" "RUSTDOCFLAGS=--cap-lints=forbid" "-e" "CARGO_HOME=/opt/rustwide/cargo-home" "-e" "RUSTUP_HOME=/opt/rustwide/rustup-home" "-w" "/opt/rustwide/workdir" "-m" "1610612736" "--user" "0:0" "--network" "none" "ghcr.io/rust-lang/crates-build-env/linux@sha256:19e73879b68f455e41552ea35293514db52ea292d993f571636dbffedb77a1ee" "/opt/rustwide/cargo-home/bin/cargo" "+9610dfe5a9a731ced1ea4923ecbd0c57fe367898" "check" "--frozen" "--all" "--all-targets" "--message-format=json", kill_on_drop: false }`
[INFO] [stdout] 7c0dd9d75d8df0085693e09e601d32a79d08829a48731655017a1617150c06bd
[INFO] running `Command { std: "docker" "start" "-a" "7c0dd9d75d8df0085693e09e601d32a79d08829a48731655017a1617150c06bd", kill_on_drop: false }`
[INFO] [stderr]    Compiling crossbeam-utils v0.8.14
[INFO] [stderr]    Compiling memoffset v0.7.1
[INFO] [stderr]    Compiling serde_derive v1.0.151
[INFO] [stderr]    Compiling libc v0.2.138
[INFO] [stderr]    Compiling crossbeam-epoch v0.9.13
[INFO] [stderr]    Compiling serde v1.0.151
[INFO] [stderr]    Compiling indexmap v1.9.2
[INFO] [stderr]     Checking either v1.8.0
[INFO] [stderr]    Compiling serde_json v1.0.91
[INFO] [stderr]    Compiling rayon-core v1.10.1
[INFO] [stderr]     Checking plotters-backend v0.3.4
[INFO] [stderr]     Checking half v1.8.2
[INFO] [stderr]     Checking os_str_bytes v6.4.1
[INFO] [stderr]     Checking ciborium-io v0.2.0
[INFO] [stderr]     Checking itoa v1.0.5
[INFO] [stderr]     Checking ryu v1.0.12
[INFO] [stderr]     Checking plotters-svg v0.3.3
[INFO] [stderr]     Checking clap_lex v0.2.4
[INFO] [stderr]     Checking num-traits v0.2.15
[INFO] [stderr]     Checking ciborium-ll v0.2.0
[INFO] [stderr]     Checking itertools v0.10.5
[INFO] [stderr]     Checking crossbeam-channel v0.5.6
[INFO] [stderr]     Checking cast v0.3.0
[INFO] [stderr]     Checking same-file v1.0.6
[INFO] [stderr]     Checking regex-syntax v0.6.28
[INFO] [stderr]     Checking crossbeam-deque v0.8.2
[INFO] [stderr]     Checking num_cpus v1.14.0
[INFO] [stderr]     Checking textwrap v0.16.0
[INFO] [stderr]     Checking atty v0.2.14
[INFO] [stderr]     Checking walkdir v2.3.2
[INFO] [stderr]     Checking plotters v0.3.4
[INFO] [stderr]     Checking clap v3.2.23
[INFO] [stderr]     Checking anes v0.1.6
[INFO] [stderr]     Checking oorandom v11.1.3
[INFO] [stderr]     Checking spatial_hash v0.2.0 (/opt/rustwide/workdir)
[INFO] [stderr]     Checking rayon v1.6.1
[INFO] [stderr]     Checking regex v1.7.0
[INFO] [stderr]     Checking criterion-plot v0.5.0
[INFO] [stderr]     Checking ciborium v0.2.0
[INFO] [stderr]     Checking tinytemplate v1.2.1
[INFO] [stderr]     Checking criterion v0.4.0
[INFO] [stdout] error[E0432]: unresolved import `surveyor`
[INFO] [stdout]  --> examples/2D_spatial_query_test.rs:5:5
[INFO] [stdout]   |
[INFO] [stdout] 5 | use surveyor::{generate_test, Spatial2DQuery, Spatial2DQueryTest};
[INFO] [stdout]   |     ^^^^^^^^ use of undeclared crate or module `surveyor`
[INFO] [stdout] 
[INFO] [stdout] 
[INFO] [stdout] error: cannot determine resolution for the macro `generate_test`
[INFO] [stdout]   --> examples/2D_spatial_query_test.rs:30:1
[INFO] [stdout]    |
[INFO] [stdout] 30 | generate_test!(Spatial2DQueryTest, ImplSpatial2DQuery<()>);
[INFO] [stdout]    | ^^^^^^^^^^^^^
[INFO] [stdout]    |
[INFO] [stdout]    = note: import resolution is stuck, try simplifying macro imports
[INFO] [stdout] 
[INFO] [stdout] 
[INFO] [stdout] error[E0601]: `main` function not found in crate `2D_spatial_query_test`
[INFO] [stdout]   --> examples/2D_spatial_query_test.rs:30:60
[INFO] [stdout]    |
[INFO] [stdout] 30 | generate_test!(Spatial2DQueryTest, ImplSpatial2DQuery<()>);
[INFO] [stdout]    |                                                            ^ consider adding a `main` function to `examples/2D_spatial_query_test.rs`
[INFO] [stdout] 
[INFO] [stdout] 
[INFO] [stdout] error[E0432]: unresolved import `ggez`
[INFO] [stdout]  --> examples/main.rs:4:5
[INFO] [stdout]   |
[INFO] [stdout] 4 | use ggez::*;
[INFO] [stdout]   |     ^^^^ use of undeclared crate or module `ggez`
[INFO] [stdout] 
[INFO] [stdout] 
[INFO] [stdout] error[E0433]: failed to resolve: use of undeclared crate or module `ggez`
[INFO] [stdout]  --> examples/main.rs:3:5
[INFO] [stdout]   |
[INFO] [stdout] 3 | use ggez::graphics::{self, Color};
[INFO] [stdout]   |     ^^^^ use of undeclared crate or module `ggez`
[INFO] [stdout] 
[INFO] [stdout] 
[INFO] [stdout] error[E0432]: unresolved imports `ggez`, `ggez::graphics::Color`
[INFO] [stdout]  --> examples/main.rs:3:5
[INFO] [stdout]   |
[INFO] [stdout] 3 | use ggez::graphics::{self, Color};
[INFO] [stdout]   |     ^^^^                   ^^^^^
[INFO] [stdout]   |     |
[INFO] [stdout]   |     use of undeclared crate or module `ggez`
[INFO] [stdout] 
[INFO] [stdout] 
[INFO] [stdout] error: aborting due to 3 previous errors
[INFO] [stdout] 
[INFO] [stdout] 
[INFO] [stdout] Some errors have detailed explanations: E0432, E0601.
[INFO] [stdout] 
[INFO] [stdout] For more information about an error, try `rustc --explain E0432`.
[INFO] [stdout] 
[INFO] [stderr] error: could not compile `spatial_hash` (example "2D_spatial_query_test") due to 4 previous errors
[INFO] [stderr] warning: build failed, waiting for other jobs to finish...
[INFO] [stdout] error[E0599]: no method named `count` found for reference `&[()]` in the current scope
[INFO] [stdout]   --> benches/isect_ck.rs:42:68
[INFO] [stdout]    |
[INFO] [stdout] 42 |                 sh.query(0.5 + black_box(dx), 0.5 + black_box(dy)).count()
[INFO] [stdout]    |                                                                    ^^^^^
[INFO] [stdout]    |                                                                    |
[INFO] [stdout]    |                                                                    method cannot be called on `&[()]` due to unsatisfied trait bounds
[INFO] [stdout]    |                                                                    help: consider using `len` instead
[INFO] [stdout]    |
[INFO] [stdout]    = note: `count` is defined on `Iterator`, which `&[()]` does not implement
[INFO] [stdout] 
[INFO] [stdout] 
[INFO] [stdout] error[E0433]: failed to resolve: use of undeclared crate or module `ggez`
[INFO] [stdout]    --> examples/main.rs:216:6
[INFO] [stdout]     |
[INFO] [stdout] 216 | impl ggez::event::EventHandler<GameError> for State {
[INFO] [stdout]     |      ^^^^ use of undeclared crate or module `ggez`
[INFO] [stdout] 
[INFO] [stdout] 
[INFO] [stdout] error[E0412]: cannot find type `GameError` in this scope
[INFO] [stdout]    --> examples/main.rs:216:32
[INFO] [stdout]     |
[INFO] [stdout] 216 | impl ggez::event::EventHandler<GameError> for State {
[INFO] [stdout]     |                                ^^^^^^^^^ not found in this scope
[INFO] [stdout]     |
[INFO] [stdout] help: you might be missing a type parameter
[INFO] [stdout]     |
[INFO] [stdout] 216 | impl<GameError> ggez::event::EventHandler<GameError> for State {
[INFO] [stdout]     |     +++++++++++
[INFO] [stdout] 
[INFO] [stdout] 
[INFO] [stdout] error[E0412]: cannot find type `Context` in this scope
[INFO] [stdout]    --> examples/main.rs:217:36
[INFO] [stdout]     |
[INFO] [stdout] 217 |     fn update(&mut self, ctx: &mut Context) -> GameResult {
[INFO] [stdout]     |                                    ^^^^^^^ not found in this scope
[INFO] [stdout]     |
[INFO] [stdout] help: consider importing one of these items
[INFO] [stdout]     |
[INFO] [stdout] 2   + use core::task::Context;
[INFO] [stdout]     |
[INFO] [stdout] 2   + use std::task::Context;
[INFO] [stdout]     |
[INFO] [stdout] 
[INFO] [stdout] 
[INFO] [stdout] error[E0412]: cannot find type `GameResult` in this scope
[INFO] [stdout]    --> examples/main.rs:217:48
[INFO] [stdout]     |
[INFO] [stdout] 217 |     fn update(&mut self, ctx: &mut Context) -> GameResult {
[INFO] [stdout]     |                                                ^^^^^^^^^^ not found in this scope
[INFO] [stdout] 
[INFO] [stdout] 
[INFO] [stdout] error[E0412]: cannot find type `Context` in this scope
[INFO] [stdout]    --> examples/main.rs:263:34
[INFO] [stdout]     |
[INFO] [stdout] 263 |     fn draw(&mut self, ctx: &mut Context) -> GameResult {
[INFO] [stdout]     |                                  ^^^^^^^ not found in this scope
[INFO] [stdout]     |
[INFO] [stdout] help: consider importing one of these items
[INFO] [stdout]     |
[INFO] [stdout] 2   + use core::task::Context;
[INFO] [stdout]     |
[INFO] [stdout] 2   + use std::task::Context;
[INFO] [stdout]     |
[INFO] [stdout] 
[INFO] [stdout] 
[INFO] [stdout] error[E0412]: cannot find type `GameResult` in this scope
[INFO] [stdout]    --> examples/main.rs:263:46
[INFO] [stdout]     |
[INFO] [stdout] 263 |     fn draw(&mut self, ctx: &mut Context) -> GameResult {
[INFO] [stdout]     |                                              ^^^^^^^^^^ not found in this scope
[INFO] [stdout] 
[INFO] [stdout] 
[INFO] [stdout] error[E0433]: failed to resolve: use of undeclared crate or module `mint`
[INFO] [stdout]    --> examples/main.rs:271:17
[INFO] [stdout]     |
[INFO] [stdout] 271 |                 mint::Point2 {
[INFO] [stdout]     |                 ^^^^ use of undeclared crate or module `mint`
[INFO] [stdout] 
[INFO] [stdout] 
[INFO] [stdout] error[E0433]: failed to resolve: use of undeclared crate or module `mint`
[INFO] [stdout]    --> examples/main.rs:284:17
[INFO] [stdout]     |
[INFO] [stdout] 284 |                 mint::Point2 {
[INFO] [stdout]     |                 ^^^^ use of undeclared crate or module `mint`
[INFO] [stdout] 
[INFO] [stdout] 
[INFO] [stdout] error[E0433]: failed to resolve: use of undeclared type `ContextBuilder`
[INFO] [stdout]    --> examples/main.rs:325:33
[INFO] [stdout]     |
[INFO] [stdout] 325 |     let (mut ctx, event_loop) = ContextBuilder::new("Pachinko", "julianknodt")
[INFO] [stdout]     |                                 ^^^^^^^^^^^^^^ use of undeclared type `ContextBuilder`
[INFO] [stdout] 
[INFO] [stdout] 
[INFO] [stdout] error[E0433]: failed to resolve: use of undeclared crate or module `event`
[INFO] [stdout]    --> examples/main.rs:340:5
[INFO] [stdout]     |
[INFO] [stdout] 340 |     event::run(ctx, event_loop, state);
[INFO] [stdout]     |     ^^^^^ use of undeclared crate or module `event`
[INFO] [stdout] 
[INFO] [stdout] 
[INFO] [stdout] error: aborting due to 13 previous errors
[INFO] [stdout] 
[INFO] [stdout] 
[INFO] [stdout] Some errors have detailed explanations: E0412, E0432, E0433.
[INFO] [stdout] 
[INFO] [stdout] For more information about an error, try `rustc --explain E0412`.
[INFO] [stdout] 
[INFO] [stdout] error[E0599]: no method named `count` found for reference `&[()]` in the current scope
[INFO] [stdout]   --> benches/isect_ck.rs:68:68
[INFO] [stdout]    |
[INFO] [stdout] 68 |                 sh.query(0.5 + black_box(dx), 0.5 + black_box(dy)).count()
[INFO] [stdout]    |                                                                    ^^^^^
[INFO] [stdout]    |                                                                    |
[INFO] [stdout]    |                                                                    method cannot be called on `&[()]` due to unsatisfied trait bounds
[INFO] [stdout]    |                                                                    help: consider using `len` instead
[INFO] [stdout]    |
[INFO] [stdout]    = note: `count` is defined on `Iterator`, which `&[()]` does not implement
[INFO] [stdout] 
[INFO] [stdout] 
[INFO] [stderr] error: could not compile `spatial_hash` (example "main") due to 14 previous errors
[INFO] [stdout] error[E0599]: no method named `count` found for reference `&[()]` in the current scope
[INFO] [stdout]   --> benches/isect_ck.rs:94:68
[INFO] [stdout]    |
[INFO] [stdout] 94 |                 sh.query(0.5 + black_box(dx), 0.5 + black_box(dy)).count()
[INFO] [stdout]    |                                                                    ^^^^^
[INFO] [stdout]    |                                                                    |
[INFO] [stdout]    |                                                                    method cannot be called on `&[()]` due to unsatisfied trait bounds
[INFO] [stdout]    |                                                                    help: consider using `len` instead
[INFO] [stdout]    |
[INFO] [stdout]    = note: `count` is defined on `Iterator`, which `&[()]` does not implement
[INFO] [stdout] 
[INFO] [stdout] 
[INFO] [stdout] error: aborting due to 3 previous errors
[INFO] [stdout] 
[INFO] [stdout] 
[INFO] [stdout] For more information about this error, try `rustc --explain E0599`.
[INFO] [stdout] 
[INFO] [stderr] error: could not compile `spatial_hash` (bench "isect_ck") due to 4 previous errors
[INFO] [stdout] error[E0599]: no method named `count` found for reference `&[()]` in the current scope
[INFO] [stdout]   --> src/tests.rs:25:33
[INFO] [stdout]    |
[INFO] [stdout] 25 |         sh_cube.query(0.5, 0.5).count(),
[INFO] [stdout]    |                                 ^^^^^
[INFO] [stdout]    |                                 |
[INFO] [stdout]    |                                 method cannot be called on `&[()]` due to unsatisfied trait bounds
[INFO] [stdout]    |                                 help: consider using `len` instead
[INFO] [stdout]    |
[INFO] [stdout]    = note: `count` is defined on `Iterator`, which `&[()]` does not implement
[INFO] [stdout] 
[INFO] [stdout] 
[INFO] [stdout] error[E0599]: no method named `count` found for reference `&[()]` in the current scope
[INFO] [stdout]   --> src/tests.rs:26:32
[INFO] [stdout]    |
[INFO] [stdout] 26 |         sh_tri.query(0.5, 0.5).count(),
[INFO] [stdout]    |                                ^^^^^
[INFO] [stdout]    |                                |
[INFO] [stdout]    |                                method cannot be called on `&[()]` due to unsatisfied trait bounds
[INFO] [stdout]    |                                help: consider using `len` instead
[INFO] [stdout]    |
[INFO] [stdout]    = note: `count` is defined on `Iterator`, which `&[()]` does not implement
[INFO] [stdout] 
[INFO] [stdout] 
[INFO] [stdout] error[E0599]: no method named `count` found for reference `&[()]` in the current scope
[INFO] [stdout]   --> src/tests.rs:27:32
[INFO] [stdout]    |
[INFO] [stdout] 27 |         sh_hex.query(0.5, 0.5).count(),
[INFO] [stdout]    |                                ^^^^^
[INFO] [stdout]    |                                |
[INFO] [stdout]    |                                method cannot be called on `&[()]` due to unsatisfied trait bounds
[INFO] [stdout]    |                                help: consider using `len` instead
[INFO] [stdout]    |
[INFO] [stdout]    = note: `count` is defined on `Iterator`, which `&[()]` does not implement
[INFO] [stdout] 
[INFO] [stdout] 
[INFO] [stdout] error: aborting due to 3 previous errors
[INFO] [stdout] 
[INFO] [stdout] 
[INFO] [stdout] For more information about this error, try `rustc --explain E0599`.
[INFO] [stdout] 
[INFO] [stderr] error: could not compile `spatial_hash` (lib test) due to 4 previous errors
[INFO] running `Command { std: "docker" "inspect" "7c0dd9d75d8df0085693e09e601d32a79d08829a48731655017a1617150c06bd", kill_on_drop: false }`
[INFO] running `Command { std: "docker" "rm" "-f" "7c0dd9d75d8df0085693e09e601d32a79d08829a48731655017a1617150c06bd", kill_on_drop: false }`
[INFO] [stdout] 7c0dd9d75d8df0085693e09e601d32a79d08829a48731655017a1617150c06bd
